{"id":71,"date":"2014-04-11T18:21:14","date_gmt":"2014-04-11T18:21:14","guid":{"rendered":"http:\/\/cms.tc-parkhaus.de\/?page_id=71"},"modified":"2014-04-17T13:59:34","modified_gmt":"2014-04-17T13:59:34","slug":"anfahrt","status":"publish","type":"page","link":"https:\/\/cms.tc-parkhaus.de\/?page_id=71","title":{"rendered":"Anfahrt"},"content":{"rendered":"<p><a href=\"http:\/\/cms.tc-parkhaus.de\/wp-content\/uploads\/2014\/04\/Anfahrt-TCP1.jpg\"><img fetchpriority=\"high\" decoding=\"async\" class=\"alignnone  wp-image-408\" alt=\"Anfahrt TCP\" src=\"http:\/\/cms.tc-parkhaus.de\/wp-content\/uploads\/2014\/04\/Anfahrt-TCP1-300x209.jpg\" width=\"450\" height=\"311\" \/><\/a><br \/>\n<strong>\u00dcber die A40 \u2013 Abfahrt Bochum Hamme \/ Herne-Eickel:<\/strong><br \/>\nAn der Abfahrt Bochum-Hamme \/ Herne-Eickel aus Richtung Dortmund kommend rechts \/ aus Richtung Essen kommend links auf die Dorstener Stra\u00dfe (Richtung Herne) fahren.<br \/>\nWeiter geradeaus bis zur 2. Kreuzung, dann links abbiegen. \u00dcber den Kreisverkehr geradeaus und weiter der Edmund-Weber-Stra\u00dfe folgen.<br \/>\nNach ca. 600 m rechts in die Reichsstra\u00dfe einbiegen. Das Ziel liegt dann links &#8211; das Clubhaus und die Anlage des TCPs.<\/p>\n<p><strong>\u00dcber die A42 \u2013 Abfahrt Herne-Wanne:<\/strong><br \/>\nAn der Abfahrt Herne-Wanne rechts (aus beiden Richtungen) auf die Hammerschmidtstra\u00dfe fahren. Weiter geradeaus durch den Kreisverkehr und der Wakefieldstra\u00dfe f\u00fcr ca. 2,5 Kilometer folgen.<br \/>\nAnschlie\u00dfend an der Ampel (Kreuzung Wakefieldstra\u00dfe\/Burgstra\u00dfe) links in die Burgstra\u00dfe fahren. Der Burgstra\u00dfe ca. 400 m folgen und rechts in die Reichsstra\u00dfe einbiegen.<br \/>\nDas Ziel liegt dann rechts &#8211; das Clubhaus und die Anlage des TCPs.<\/p>\n","protected":false},"excerpt":{"rendered":"<p>\u00dcber die A40 \u2013 Abfahrt Bochum Hamme \/ Herne-Eickel: An der Abfahrt Bochum-Hamme \/ Herne-Eickel aus Richtung Dortmund kommend rechts \/ aus Richtung Essen kommend links auf die Dorstener Stra\u00dfe (Richtung Herne) fahren. Weiter geradeaus bis zur 2. Kreuzung, dann links abbiegen. \u00dcber den Kreisverkehr geradeaus und weiter der Edmund-Weber-Stra\u00dfe folgen. Nach ca. 600 m [&hellip;]<\/p>\n","protected":false},"author":11,"featured_media":0,"parent":2,"menu_order":0,"comment_status":"closed","ping_status":"closed","template":"","meta":{"ocean_post_layout":"","ocean_both_sidebars_style":"","ocean_both_sidebars_content_width":0,"ocean_both_sidebars_sidebars_width":0,"ocean_sidebar":"","ocean_second_sidebar":"","ocean_disable_margins":"enable","ocean_add_body_class":"","ocean_shortcode_before_top_bar":"","ocean_shortcode_after_top_bar":"","ocean_shortcode_before_header":"","ocean_shortcode_after_header":"","ocean_has_shortcode":"","ocean_shortcode_after_title":"","ocean_shortcode_before_footer_widgets":"","ocean_shortcode_after_footer_widgets":"","ocean_shortcode_before_footer_bottom":"","ocean_shortcode_after_footer_bottom":"","ocean_display_top_bar":"default","ocean_display_header":"default","ocean_header_style":"","ocean_center_header_left_menu":"","ocean_custom_header_template":"","ocean_custom_logo":0,"ocean_custom_retina_logo":0,"ocean_custom_logo_max_width":0,"ocean_custom_logo_tablet_max_width":0,"ocean_custom_logo_mobile_max_width":0,"ocean_custom_logo_max_height":0,"ocean_custom_logo_tablet_max_height":0,"ocean_custom_logo_mobile_max_height":0,"ocean_header_custom_menu":"","ocean_menu_typo_font_family":"","ocean_menu_typo_font_subset":"","ocean_menu_typo_font_size":0,"ocean_menu_typo_font_size_tablet":0,"ocean_menu_typo_font_size_mobile":0,"ocean_menu_typo_font_size_unit":"px","ocean_menu_typo_font_weight":"","ocean_menu_typo_font_weight_tablet":"","ocean_menu_typo_font_weight_mobile":"","ocean_menu_typo_transform":"","ocean_menu_typo_transform_tablet":"","ocean_menu_typo_transform_mobile":"","ocean_menu_typo_line_height":0,"ocean_menu_typo_line_height_tablet":0,"ocean_menu_typo_line_height_mobile":0,"ocean_menu_typo_line_height_unit":"","ocean_menu_typo_spacing":0,"ocean_menu_typo_spacing_tablet":0,"ocean_menu_typo_spacing_mobile":0,"ocean_menu_typo_spacing_unit":"","ocean_menu_link_color":"","ocean_menu_link_color_hover":"","ocean_menu_link_color_active":"","ocean_menu_link_background":"","ocean_menu_link_hover_background":"","ocean_menu_link_active_background":"","ocean_menu_social_links_bg":"","ocean_menu_social_hover_links_bg":"","ocean_menu_social_links_color":"","ocean_menu_social_hover_links_color":"","ocean_disable_title":"default","ocean_disable_heading":"default","ocean_post_title":"","ocean_post_subheading":"","ocean_post_title_style":"","ocean_post_title_background_color":"","ocean_post_title_background":0,"ocean_post_title_bg_image_position":"","ocean_post_title_bg_image_attachment":"","ocean_post_title_bg_image_repeat":"","ocean_post_title_bg_image_size":"","ocean_post_title_height":0,"ocean_post_title_bg_overlay":0.5,"ocean_post_title_bg_overlay_color":"","ocean_disable_breadcrumbs":"default","ocean_breadcrumbs_color":"","ocean_breadcrumbs_separator_color":"","ocean_breadcrumbs_links_color":"","ocean_breadcrumbs_links_hover_color":"","ocean_display_footer_widgets":"default","ocean_display_footer_bottom":"default","ocean_custom_footer_template":"","footnotes":""},"_links":{"self":[{"href":"https:\/\/cms.tc-parkhaus.de\/index.php?rest_route=\/wp\/v2\/pages\/71"}],"collection":[{"href":"https:\/\/cms.tc-parkhaus.de\/index.php?rest_route=\/wp\/v2\/pages"}],"about":[{"href":"https:\/\/cms.tc-parkhaus.de\/index.php?rest_route=\/wp\/v2\/types\/page"}],"author":[{"embeddable":true,"href":"https:\/\/cms.tc-parkhaus.de\/index.php?rest_route=\/wp\/v2\/users\/11"}],"replies":[{"embeddable":true,"href":"https:\/\/cms.tc-parkhaus.de\/index.php?rest_route=%2Fwp%2Fv2%2Fcomments&post=71"}],"version-history":[{"count":3,"href":"https:\/\/cms.tc-parkhaus.de\/index.php?rest_route=\/wp\/v2\/pages\/71\/revisions"}],"predecessor-version":[{"id":410,"href":"https:\/\/cms.tc-parkhaus.de\/index.php?rest_route=\/wp\/v2\/pages\/71\/revisions\/410"}],"up":[{"embeddable":true,"href":"https:\/\/cms.tc-parkhaus.de\/index.php?rest_route=\/wp\/v2\/pages\/2"}],"wp:attachment":[{"href":"https:\/\/cms.tc-parkhaus.de\/index.php?rest_route=%2Fwp%2Fv2%2Fmedia&parent=71"}],"curies":[{"name":"wp","href":"https:\/\/api.w.org\/{rel}","templated":true}]}}